{"id":366,"date":"2025-10-27T20:16:05","date_gmt":"2025-10-27T20:16:05","guid":{"rendered":"https:\/\/rckstr.ca\/?post_type=product&#038;p=366"},"modified":"2026-04-01T21:04:06","modified_gmt":"2026-04-01T21:04:06","slug":"rckstr-live-loud-hair-gel","status":"publish","type":"product","link":"https:\/\/rckstr.ca\/index.php\/product\/rckstr-live-loud-hair-gel\/","title":{"rendered":"RCKSTR Live Loud Hair Gel"},"content":{"rendered":"<style type=\"text\/css\"><!-- @page { margin: 2cm } P { margin-bottom: 0.21cm } --><\/style>\n<p><b>Benefits<\/b><\/p>\n<ul>\n<li>Gives hair long lasting hold without flaking.<\/li>\n<\/ul>\n<p><b>Ingredient Highlights<\/b><\/p>\n<ul>\n<li>Paraben free<\/li>\n<\/ul>\n<p><b>Usage<\/b><\/p>\n<ul>\n<li>Apply evenly to towel dried hair. Style as desired.<\/li>\n<\/ul>\n<p>Gel pour les cheveux. Vivez pleinement avec un gel pour cheveux hydratant et antioxydant qui offre une tenue durable aux cheveux sans ass\u00e9cher. Changez votre monde! Mode d\u2019emploi: R\u00e9partissez uniform\u00e9ment sur les cheveux s\u00e9ch\u00e9s \u00e0 la serviette, au s\u00e8che-cheveux ou \u00e0 l\u2019air libre. Gel para el cabello S\u00faper humectante y antioxidante, vive a pleno con un gel para el cabello que le da una fijaci\u00f3n duradera al cabello sindescamaciones. \u00a1Mueve tu mundo!<\/p>\n<p>Instrucciones: Distribuye el producto en forma uniforme por el cabello secado contoalla, secador o de formanatural.<\/p>\n<p>Ingredients: Aqua, Acrylates\/Methacylamide Copolymer, Phenylpropanol, Propanediol, Caprylyl Glycol, Tocopherol, PEG-40 Hydrogenated Castor Oil, Citrus Paradisi (Grapefruit) Peel Oil.<\/p>\n<p>PARABEN FREE | SANS PARABENE | LIBRE DE PARABENOS<\/p>\n<p>PROFESSIONAL PRODUCT<\/p>\n","protected":false},"excerpt":{"rendered":"<div class=\"flex flex-grow flex-col gap-3\">\n<div class=\"min-h-[20px] flex flex-col items-start gap-4 whitespace-pre-wrap\">\n<div class=\"markdown prose w-full break-words dark:prose-invert light\">\n<p>RCKSTR Live Loud Hair Gel is a hair styling product designed to give your hair long-lasting hold without any flaking. This gel is perfect for those who want to achieve a variety of hair styles, from sleek and smooth to textured and voluminous.<\/p>\n<p>RCKSTR Live Loud Hair Gel is made with ingredients that are safe for your hair and skin. It is paraben-free, making it a great option for those who are conscious about the products they use.<\/p>\n<p>To use, simply apply the gel evenly to your towel-dried hair and style as desired. Whether you want to add volume, hold, or texture to your short hair, this gel will help you achieve the look you want. With its long-lasting hold and flake-free formula, you can be confident that your hair will stay in place all day long. So go ahead and let your hair do the talking with RCKSTR Live Loud Hair Gel!<\/p>\n<\/div>\n<\/div>\n<\/div>\n","protected":false},"featured_media":418,"comment_status":"open","ping_status":"closed","template":"","meta":[],"product_brand":[],"product_cat":[30],"product_tag":[44,32],"class_list":{"0":"post-366","1":"product","2":"type-product","3":"status-publish","4":"has-post-thumbnail","6":"product_cat-hair-styling","7":"product_tag-gel","8":"product_tag-styling","10":"first","11":"instock","12":"featured","13":"taxable","14":"shipping-taxable","15":"purchasable","16":"product-type-simple"},"_links":{"self":[{"href":"https:\/\/rckstr.ca\/index.php\/wp-json\/wp\/v2\/product\/366","targetHints":{"allow":["GET"]}}],"collection":[{"href":"https:\/\/rckstr.ca\/index.php\/wp-json\/wp\/v2\/product"}],"about":[{"href":"https:\/\/rckstr.ca\/index.php\/wp-json\/wp\/v2\/types\/product"}],"replies":[{"embeddable":true,"href":"https:\/\/rckstr.ca\/index.php\/wp-json\/wp\/v2\/comments?post=366"}],"wp:featuredmedia":[{"embeddable":true,"href":"https:\/\/rckstr.ca\/index.php\/wp-json\/wp\/v2\/media\/418"}],"wp:attachment":[{"href":"https:\/\/rckstr.ca\/index.php\/wp-json\/wp\/v2\/media?parent=366"}],"wp:term":[{"taxonomy":"product_brand","embeddable":true,"href":"https:\/\/rckstr.ca\/index.php\/wp-json\/wp\/v2\/product_brand?post=366"},{"taxonomy":"product_cat","embeddable":true,"href":"https:\/\/rckstr.ca\/index.php\/wp-json\/wp\/v2\/product_cat?post=366"},{"taxonomy":"product_tag","embeddable":true,"href":"https:\/\/rckstr.ca\/index.php\/wp-json\/wp\/v2\/product_tag?post=366"}],"curies":[{"name":"wp","href":"https:\/\/api.w.org\/{rel}","templated":true}]}}