{"id":359,"date":"2025-10-27T20:16:04","date_gmt":"2025-10-27T20:16:04","guid":{"rendered":"https:\/\/rckstr.ca\/?post_type=product&#038;p=359"},"modified":"2026-04-15T17:57:22","modified_gmt":"2026-04-15T17:57:22","slug":"rckstr-conditioner-coarse-hair","status":"publish","type":"product","link":"https:\/\/rckstr.ca\/index.php\/product\/rckstr-conditioner-coarse-hair\/","title":{"rendered":"RCKSTR Conditioner (coarse hair)"},"content":{"rendered":"<p>This luxurious conditioner for coarse hair will revive all hair types by nourishing the hair with the best ingredients. Hair is moisturized and strengthened without adding weight. Your hair is left smooth, shiny and looking great! It&#8217;s a beautiful thing!<\/p>\n<p align=\"left\"><span style=\"color: #000000;\"><span style=\"font-size: medium;\">Conditioner with Hydrolized Keratin. <\/span><\/span><span style=\"color: #000000;\"><span style=\"font-size: medium;\">This super rich conditioner works to restore <\/span><\/span><span style=\"color: #000000;\"><span style=\"font-size: medium;\">moisture balance to all hair types.<\/span><\/span><\/p>\n<p align=\"left\"><span style=\"color: #000000;\"><span style=\"font-size: medium;\">Formulated with hydrolyzed keratin, to help <\/span><\/span><span style=\"color: #000000;\"><span style=\"font-size: medium;\">reduce breakage &amp; strengthen hair, while <\/span><\/span><span style=\"color: #000000;\"><span style=\"font-size: medium;\">increasing elasticity &amp; shine.<\/span><\/span><\/p>\n<p align=\"left\"><span style=\"color: #000000;\"><span style=\"font-size: medium;\">DIRECTION: After shampooing, apply a small <\/span><\/span><span style=\"color: #000000;\"><span style=\"font-size: medium;\">amount of conditioner to the ends of hair <\/span><\/span><span style=\"color: #000000;\"><span style=\"font-size: medium;\">and work back to roots. Rinse well.<\/span><\/span><\/p>\n<p align=\"left\"><span style=\"color: #000000;\"><span style=\"font-size: medium;\">Conditionneur d&#8217;humidit\u00e9<\/span><\/span><\/p>\n<p align=\"left\"><span style=\"color: #000000;\"><span style=\"font-size: medium;\">Ce revitalisant super riche agit pour r\u00e9tablir <\/span><\/span><span style=\"color: #000000;\"><span style=\"font-size: medium;\">l&#8217;\u00e9quilibre hydrique et la forme des cuticules <\/span><\/span><span style=\"color: #000000;\"><span style=\"font-size: medium;\">de tous les types de cheveux. Formul\u00e9 avec <\/span><\/span><span style=\"color: #000000;\"><span style=\"font-size: medium;\">de la k\u00e9ratine hydrolys\u00e9e, pour aider \u00e0 <\/span><\/span><span style=\"color: #000000;\"><span style=\"font-size: medium;\">r\u00e9duire la casse et renforcer les cheveux,\u00a0<\/span><\/span><span style=\"color: #000000;\"><span style=\"font-size: medium;\">tout en augmentant <\/span><\/span><span style=\"color: #000000;\"><span style=\"font-size: medium;\">\u00e9lasticit\u00e9 &amp; brillance.<\/span><\/span><\/p>\n<p align=\"left\"><span style=\"color: #000000;\"><span style=\"font-size: medium;\">MODE D&#8217;EMPLOI : Apr\u00e8s le shampooing, <\/span><\/span><span style=\"color: #000000;\"><span style=\"font-size: medium;\">appliquez une petite quantit\u00e9 de <\/span><\/span><span style=\"color: #000000;\"><span style=\"font-size: medium;\">revitalisant sur les pointes des cheveux et <\/span><\/span><span style=\"color: #000000;\"><span style=\"font-size: medium;\">travaillez jusqu&#8217;aux racines. Bien rincer. <\/span><\/span><span style=\"color: #000000;\"><span style=\"font-size: medium;\">Aqua, Cetyl Alcohol, Polyquaternium 7, Glycerin, Vegetable <\/span><\/span><span style=\"color: #000000;\"><span style=\"font-size: medium;\">Emulsifying Wax, Cetrimmonium Chloride, Amodimethicone <\/span><\/span><span style=\"color: #000000;\"><span style=\"font-size: medium;\">(And) Trideceth \u2013 12 (And) Cetrimmonium Chloride, Steryl <\/span><\/span><span style=\"color: #000000;\"><span style=\"font-size: medium;\">Alcohol, Phenoxyethanol, Citrus Sinensis (sweet orange) oil,<\/span><\/span><\/p>\n<p align=\"left\"><span style=\"color: #000000;\"><span style=\"font-size: medium;\">Fragrance\/parfum, Hydrolyzed Keratin, Guar<\/span><\/span><\/p>\n<p align=\"left\"><span style=\"color: #000000;\"><span style=\"font-size: medium;\">Hydroxypropyltrimonium Chloride, Citric Acid<\/span><\/span><\/p>\n<p align=\"left\"><span style=\"color: #000000;\"><span style=\"font-size: medium;\">PARABEN FREE | SANS PARABENE<\/span><\/span><\/p>\n<p align=\"left\"><span style=\"color: #000000;\"><span style=\"font-size: medium;\">PROFESSIONAL PRODUCT<\/span><\/span><\/p>\n<p>&nbsp;<\/p>\n<p>&nbsp;<\/p>\n","protected":false},"excerpt":{"rendered":"<p>This luxurious conditioner for coarse hair will revive all hair types by nourishing the hair with the best ingredients. Hair is moisturized and strengthened. Your hair is left smooth, shiny and looking great! Helps control unruly hair. It&#8217;s a beautiful thing!<\/p>\n<p>&nbsp;<\/p>\n<p>&nbsp;<\/p>\n<p>&nbsp;<\/p>\n","protected":false},"featured_media":395,"comment_status":"open","ping_status":"closed","template":"","meta":[],"product_brand":[],"product_cat":[29],"product_tag":[25],"class_list":{"0":"post-359","1":"product","2":"type-product","3":"status-publish","4":"has-post-thumbnail","6":"product_cat-conditioner","7":"product_tag-conditioner","9":"first","10":"instock","11":"taxable","12":"shipping-taxable","13":"purchasable","14":"product-type-simple"},"_links":{"self":[{"href":"https:\/\/rckstr.ca\/index.php\/wp-json\/wp\/v2\/product\/359","targetHints":{"allow":["GET"]}}],"collection":[{"href":"https:\/\/rckstr.ca\/index.php\/wp-json\/wp\/v2\/product"}],"about":[{"href":"https:\/\/rckstr.ca\/index.php\/wp-json\/wp\/v2\/types\/product"}],"replies":[{"embeddable":true,"href":"https:\/\/rckstr.ca\/index.php\/wp-json\/wp\/v2\/comments?post=359"}],"wp:featuredmedia":[{"embeddable":true,"href":"https:\/\/rckstr.ca\/index.php\/wp-json\/wp\/v2\/media\/395"}],"wp:attachment":[{"href":"https:\/\/rckstr.ca\/index.php\/wp-json\/wp\/v2\/media?parent=359"}],"wp:term":[{"taxonomy":"product_brand","embeddable":true,"href":"https:\/\/rckstr.ca\/index.php\/wp-json\/wp\/v2\/product_brand?post=359"},{"taxonomy":"product_cat","embeddable":true,"href":"https:\/\/rckstr.ca\/index.php\/wp-json\/wp\/v2\/product_cat?post=359"},{"taxonomy":"product_tag","embeddable":true,"href":"https:\/\/rckstr.ca\/index.php\/wp-json\/wp\/v2\/product_tag?post=359"}],"curies":[{"name":"wp","href":"https:\/\/api.w.org\/{rel}","templated":true}]}}